). Suppose 2*v - 4 = 3*t, -2*v - 2*t + 6 = 2. Suppose -8*y + v*y = -a. What are the prime factors of y?
2, 3, 5
Let y(x) = 37 + 17 - 11 + 0*x**2 - x**2 + 3 + 27*x. Let v = 14 + 6. List the prime factors of y(v).
2, 3, 31
Let s(y) = 31 - 38 + 2*y**2 + 14*y**3 + 8*y - 3*y**2. List the prime factors of s(2).
3, 13
Let a(m) = 62*m**2 - 32*m - 215. List the prime factors of a(-7).
11, 277
Suppose 3*y - 4*d - 28 = 0, -3*y + 3*d + 19 = -8. Suppose -s = s + y. Let a(w) = -5*w**3 - 2*w**2 + 3*w + 12. List the prime factors of a(s).
2, 3
Suppose 509 - 491 = 6*i. Suppose -i*g = 15, 1427 = 4*a - 3*a - 5*g. What are the prime factors of a?
2, 701
Let p = 3536 + -1306. List the prime factors of p.
2, 5, 223
Suppose -2*a = 12, -a = 5*z - 230171 - 7043. What are the prime factors of z?
2, 29, 409
Let i = 25867 + -13584. List the prime factors of i.
71, 173
Let n(s) = -s**2 + 11*s - 33. Let g be n(8). Let m(i) = -i - 1. Let v be m(g). Suppose -t - 6*p + 2*p = -44, 2*p = v. What are the prime factors of t?
2, 7
Suppose 20 = -k - 0*d + 5*d, d = 4. Suppose k = -3*n + 12, 4*r - 5*r + 3*n - 8 = 0. Suppose -r*c + 81 = 9. What are the prime factors of c?
2, 3
Let k = 98 - 94. Suppose k = 3*r + 2*a, 0 = r - 6*r + 4*a - 8. Suppose -4*n + 9*n - 185 = r. What are the prime factors of n?
37
Suppose -8*b - 7610 = -67162. List the prime factors of b.
2, 1861
Suppose 4*m + 2 = -3*g - 2*g, 17 = g - 5*m. Suppose -5*u = o - 1479, g*o + 1189 = 4*u - 3*o. What are the prime factors of u?
2, 37
Let x(r) = 6*r**3 - 21*r**2 - 57*r + 243. List the prime factors of x(10).
3, 397
Suppose -5*k + 3*o + 16 = 2*o, 5*k - 32 = -3*o. Suppose -1 = -5*b - g, 0 = -6*b + k*b - 5*g + 5. What are the prime factors of 285/6*(b - -2)?
5, 19
Let z(u) = 28*u - 76. Let d be z(3). What are the prime factors of (-3 + d - -1091) + (-3 - 0)?
1093
What are the prime factors of 3 - ((-528)/(-12))/(-11)?
7
Suppose -2018 = 5*d + 2*h, -3*h + 1 = -2*h. Let y = d - -536. List the prime factors of y.
2, 3, 11
Let g(o) = -o**3 - 10*o**2 - 8*o - 3. Let q be (-1763)/(-2) - -1*3/(-2). Let l be q/(-90) - 2/9. What are the prime factors of g(l)?
7, 11
Suppose 2*z - 166476 = -12*z + 2*z. List the prime factors of z.
13873
Let v(o) = 4*o**2 + 20 - 211*o - 5*o**2 + 401*o - 203*o. Let m(s) = s**2 - 7*s - 5. Let z be m(6). What are the prime factors of v(z)?
2, 3, 7
Suppose -7*g + 325 = -193. Let w = g + -72. What are the prime factors of (572/12)/(w/6)?
11, 13
What are the prime factors of (-10 + -20)/5 + 8347?
19, 439
Let o(k) = 8*k**2 - 18*k + 87. Let f be ((-32)/(-20))/(-4) - (-44)/10. What are the prime factors of o(f)?
11, 13
Suppose 5*x + 3*i = 1586, -10 = -11*i + 6*i. Suppose a - m - 81 = 0, 4*a = -0*a + 2*m + x. What are the prime factors of a?
7, 11
List the prime factors of ((-100)/1550 - (-214863)/31) + -8.
7, 23, 43
Suppose -5*u + 39 = -166. Let l = u + -38. Suppose l*b - 5*r - 121 = -49, -4*r = -b + 31. List the prime factors of b.
19
Let z = 10 - 5. Let t = 476 + -281. Suppose -t = -5*d + z*i, 0*d - 152 = -4*d + 5*i. List the prime factors of d.
43
Suppose 6*s - 1139 = 439. Let n = 455 - s. List the prime factors of n.
2, 3
Let x(p) = 4*p - 30. Let a be x(6). Let i(t) = -352*t - 12. Let j be i(a). Suppose 9*h - j = -h. List the prime factors of h.
2, 3, 5, 7
Let b = -137 - -55. Let g = -77 - b. Suppose -3*w + g*l = -370, 2*w - 371 = -w + 4*l. List the prime factors of w.
5
Suppose -68*h = -75*h + 32795. Let m = h - 3007. What are the prime factors of m?
2, 839
Let y(f) = -f**2 + 13*f - 3. Let g be y(6). Suppose -g = -25*x + 28*x. Let m = x + 18. What are the prime factors of m?
5
Let n(s) be the third derivative of -s**6/120 - s**5/20 + s**4/12 - 5*s**3/6 - 18*s**2. Let t be n(-4). What are the prime factors of t + (-211)/(-7) + 1/(-7)?
3, 11
Let c(l) = l**2 - 14*l - 12. Let d be c(15). Suppose -5*i - 9 = -2*i, -d*v = -2*i - 960. List the prime factors of v.
2, 3, 53
Let p(g) = g**2 - 9*g - 10. Suppose 37 = 4*b + 3*j, 6*b - 9*b - 4*j = -19. What are the prime factors of p(b)?
2, 3, 7
Let n(t) = -5*t - 3. Let k be n(0). What are the prime factors of (0 + 187 - k) + -3?
11, 17
Suppose 0*b - 5*b - 5 = 0. Let o be (3 - b*(-3 + 4))*1. Suppose -4*k = 2*l - 742, -o*l = -3*k - 0*k + 573. What are the prime factors of k?
11, 17
Suppose 23*f - 21*f = c + 188, -4*f = c - 364. Let s be (-1*(-113 - -2))/1. Let b = s - f. List the prime factors of b.
19
Suppose -a = 23405 - 24153. List the prime factors of a.
2, 11, 17
Let g(a) = 79*a**2 - 26*a + 107. List the prime factors of g(-10).
7, 1181
What are the prime factors of 2/(-32) - (-7729506)/2592?
2, 3, 7, 71
Suppose x - 56 = -13*x. Suppose -6*q + x*i + 8962 = -3*q, 4*q = -5*i + 11908. What are the prime factors of (6/(-9))/(-4 - q/(-747))?
83
Let v = -68 - -72. Suppose 5*m + 1780 = 5*f, -v*m + 3*m = -3*f + 1062. What are the prime factors of f?
353
Suppose 0 = 8*q - 4*h - 43460, 4*h - 17071 = -3*q - 746. What are the prime factors of q?
5, 1087
Let m(d) = 5*d - 8*d + 2*d - 3 - 1 + 7*d**2. Let j be m(2). Suppose 38 = 4*s - j. What are the prime factors of s?
3, 5
Let g be (-112)/(-7)*2/4. Let u be (4 + -5)/((-2)/g). Let b(j) = -j**3 + 6*j**2 - 5*j - 4. List the prime factors of b(u).
2
List the prime factors of 15/((-15)/(-9465)*1).
3, 5, 631
Let z(s) = s**3 - 41*s**2 - 40*s - 79. Let t be z(42). Suppose -3*w = v - 591, -t*v + 0*w + 4*w + 2936 = 0. List the prime factors of v.
2, 3, 7
Let i = 47 + 7. Let f = i - 74. Let g = 40 + f. What are the prime factors of g?
2, 5
Let v be (-2)/10 + -52*(-917)/70. Suppose 12*k - 11*k = v. What are the prime factors of k?
3, 227
Let m(g) = 1581*g**2 + 91*g - 255. List the prime factors of m(3).
3, 1583
Let a(q) = q**3 + 4*q**2 - 12*q + 3. Let f be a(-6). Suppose w + j - 53 = -w, -f*w + 77 = j. What are the prime factors of (-14)/(48/18*(-2)/w)?
3, 7
Let u(y) = -y**3 - 7*y**2 + 13*y + 17. Let w = 488 - 497. List the prime factors of u(w).
2, 31
Let d(k) = 9*k**3 + 2*k**2 + 3*k - 4. Let n be d(1). Let v(l) = 6*l**2 - 2*l - 30. List the prime factors of v(n).
2, 5, 11
Let x = 108280 - 74336. What are the prime factors of x?
2, 4243
Suppose 21 - 66 = -3*d. Suppose 756 = -t + d*t. List the prime factors of t.
2, 3
Suppose 2*z - 200 - 257 = -5*p, 0 = 4*z - p - 859. Let c = -357 - -231. Let u = z + c. List the prime factors of u.
2, 3, 5
Let a(i) = i**3 + 6*i**2 - 4*i + 30. Let h be a(-7). Let f be (-3)/(-2*h/24). Suppose -p = -f*g + 522, -201 = -3*g + 5*p + 199. What are the prime factors of g?
2, 5, 13
Let i(k) = -2*k**2 + 23*k + 42. Let r be i(13). List the prime factors of r/(-5) + (-10346)/(-35).
5, 59
Suppose 14808 = 2*c + 4*q, -43*c = -41*c + 3*q - 14807. List the prime factors of c.
2, 3701
What are the prime factors of ((-24)/(2 + -4))/((-2339)/(-2336) + -1)?
2, 73
Let v(i) = -3*i - 14. Let t(a) = -2*a + 12. Let m be t(9). Let l be v(m). Suppose 3*g - l*g = -35. What are the prime factors of g?
5, 7
Suppose -32*z - 70227 = -49*z. What are the prime factors of z?
3, 17
List the prime factors of (-147 + 3)*(-1760)/240.
2, 3, 11
Suppose 3*h + 10 = 1. Let b(n) = 19*n**2 + 5*n + 9. Let u be b(h). Suppose 0 = 11*p - 1463 + u. List the prime factors of p.
2, 59
Suppose 11832 = 2*c + 60*y - 62*y, 3*c = -2*y + 17743. What are the prime factors of c?
5, 7, 13
Suppose 0 = 4*m - 6*g - 253766, -78840 = -2*m + 5*g + 48049. What are the prime factors of m?
11, 73, 79
Let y(s) = 17*s - 37. Let u(o) = -15*o + 37. Let f(i) = 29*i - 75. Let w(n) = 2*f(n) + 5*u(n). Let l(b) = 7*w(b) + 6*y(b). List the prime factors of l(-8).
3, 53
Suppose -2*u + 57964 = 3*w, -u - 3666 + 32615 = -4*w. List the prime factors of u.
7, 4139
Let s(h) = -584*h**2 + 4*h. Let x = 18 + -19. Let g be s(x). List the prime factors of 5/2*g/(-15).
2, 7
Let b(t) = -t + 7*t + 243 - 290 + 3*t. Let g be b(-19). Let w = -18 - g. List the prime factors of w.
2, 5
Let c(d) = 2*d**2 - 11*d + 8. Let g be c(5). Suppose -5*i + 59 = -3*l, -2*l + 2*i + g*i = 46. Let z = 56 - l. What are the prime factors of z?
3, 23
Let r(p) = 14*p**3 + p**2 + 2*p - 2. Let c be r(2). Let m = -50 + c. Suppose t + 3*d = -2*t + 36, 5*t = 3*d + m. What are the prime factors of t?
13
Let t(y) = -37*y - 34. Suppose 0 = 17*m + 37 + 65. What are the prime factors of t(m)?
2, 47
Let x(i) = -i**2 + 7*i - 5. Let j be x